t common divisor of 100123 and 118?
59
Calculate the greatest common factor of 1620783 and 405.
27
Calculate the highest common factor of 4256 and 49856.
608
Calculate the highest common factor of 34114 and 9472.
74
Calculate the highest common factor of 8 and 3818.
2
What is the highest common factor of 404067 and 734?
367
What is the highest common factor of 236808 and 1352?
104
What is the greatest common divisor of 80 and 35792?
16
Calculate the greatest common factor of 141050 and 280.
70
Calculate the highest common factor of 13393 and 2043.
227
What is the greatest common divisor of 2432413 and 2169?
241
Calculate the greatest common factor of 49640 and 48.
8
Calculate the highest common factor of 272332 and 103.
103
What is the greatest common divisor of 175 and 3311?
7
What is the highest common divisor of 180 and 11912?
4
Calculate the highest common divisor of 783 and 33993.
27
Calculate the highest common factor of 257023 and 13.
13
What is the greatest common divisor of 1146 and 129?
3
Calculate the greatest common factor of 52 and 3484.
52
Calculate the highest common divisor of 13667 and 158.
79
What is the greatest common factor of 129 and 642377?
43
What is the highest common divisor of 3114 and 18?
18
What is the highest common divisor of 58 and 52519?
29
Calculate the highest common factor of 73072 and 72.
8
Calculate the greatest common factor of 87 and 573330.
87
Calculate the highest common factor of 11 and 1053525.
11
What is the greatest common divisor of 1912 and 912?
8
What is the highest common factor of 23778 and 234?
18
What is the greatest common divisor of 27640 and 1080?
40
Calculate the greatest common factor of 723 and 1797378.
723
What is the greatest common factor of 1640 and 56120?
40
What is the greatest common factor of 2486 and 94694?
226
Calculate the greatest common factor of 56304 and 47104.
368
Calculate the greatest common divisor of 837 and 1080.
27
What is the greatest common divisor of 110 and 70730?
110
What is the greatest common factor of 745 and 105?
5
Calculate the highest common factor of 25020 and 720.
180
Calculate the highest common factor of 3816 and 7800.
24
Calculate the greatest common factor of 379 and 52681.
379
Calculate the highest common divisor of 8 and 7428296.
8
What is the highest common divisor of 14180 and 1210?
10
What is the greatest common divisor of 1815 and 126324?
363
Calculate the highest common divisor of 537 and 543981.
537
What is the greatest common divisor of 754 and 356642?
754
What is the greatest common divisor of 63 and 1060031?
7
Calculate the highest common factor of 14925 and 33675.
75
Calculate the greatest common divisor of 7495 and 60.
5
What is the highest common factor of 196061 and 152?
19
Calculate the highest common divisor of 10 and 83455.
5
Calculate the greatest common divisor of 2285 and 605.
5
What is the greatest common factor of 3 and 79858?
1
What is the greatest common divisor of 3160 and 9680?
40
What is the greatest common divisor of 25520 and 49300?
580
What is the greatest common divisor of 435 and 8918805?
435
Calculate the greatest common divisor of 52 and 787618.
26
What is the greatest common factor of 2408 and 1193164?
1204
What is the greatest common factor of 115194 and 10293?
219
Calculate the highest common factor of 986 and 4046.
34
Calculate the highest common divisor of 490 and 19810.
70
Calculate the greatest common divisor of 111447 and 3654.
1827
What is the highest common divisor of 9120 and 356250?
570
What is the greatest common divisor of 52 and 20761?
13
Calculate the highest common factor of 114 and 1983.
3
Calculate the greatest common divisor of 456 and 5757.
57
Calculate the greatest common factor of 9821 and 610.
61
Calculate the greatest common divisor of 3862837 and 814.
407
Calculate the highest common factor of 97864 and 104.
104
Calculate the greatest common divisor of 510 and 113118.
102
Calculate the highest common divisor of 178 and 1224551.
89
Calculate the highest common factor of 39 and 65078.
13
What is the highest common divisor of 142743 and 27?
3
Calculate the highest common divisor of 138 and 7250934.
138
Calculate the greatest common divisor of 20160 and 2100.
420
What is the highest common divisor of 60080 and 160?
80
Calculate the greatest common factor of 280201 and 222.
37
Calculate the highest common factor of 52781 and 94.
47
What is the highest common factor of 50 and 6670750?
50
What is the greatest common divisor of 55 and 25751?
11
What is the greatest common divisor of 370266 and 47?
47
What is the greatest common factor of 23050 and 80?
10
Calculate the greatest common factor of 28 and 4641406.
14
What is the greatest common divisor of 33 and 262317?
33
What is the greatest common factor of 1762407 and 153?
153
Calculate the highest common factor of 58218 and 372.
186
What is the greatest common factor of 22509 and 422181?
549
What is the highest common factor of 393 and 123140?
131
What is the greatest common divisor of 2549938 and 94?
94
What is the greatest common divisor of 2637 and 2601?
9
What is the highest common divisor of 173955 and 30?
15
What is the highest common factor of 126 and 11144?
14
What is the greatest common divisor of 19180 and 1204?
28
What is the greatest common factor of 91 and 6633263?
91
Calculate the highest common factor of 42693 and 21.
21
What is the greatest common divisor of 19594889 and 614?
307
Calculate the greatest common divisor of 976836 and 12.
12
What is the greatest common factor of 100584 and 31242?
762
Calculate the highest common factor of 93 and 564541.
31
What is the highest common divisor of 6913 and 17360?
31
Calculate the highest common divisor of 459 and 72114.
51
Calculate the highest common factor of 3691860 and 30.
30
What is the highest common factor of 327157 and 479?
479
Calculate the highest common divisor of 19610 and 1665.
185
Calculate the highest common divisor of 9468 and 468.
36
What is the greatest common factor of 66572 and 8188?
356
Calculate the highest common divisor of 3522 and 4794.
6
What is the highest common divisor of 119 and 606781?
119
What is the greatest common factor of 2064 and 187652?
172
What is the highest common factor of 948 and 2160?
12
Calculate the greatest common divisor of 61 and 11974971.
61
Calculate the greatest common divisor of 488257 and 7.
7
What is the highest common factor of 17620 and 3380?
20
Calculate the highest common factor of 72 and 1236344.
8
Calculate the highest common divisor of 5913 and 49005.
81
What is the highest common divisor of 95637 and 2343?
213
What is the greatest common divisor of 72316 and 20?
4
Calculate the highest common divisor of 15204 and 36.
12
Calculate the greatest common divisor of 2500 and 23900.
100
Calculate the greatest common divisor of 5819 and 88.
11
What is the highest common factor of 20880 and 150?
30
What is the greatest common divisor of 2853107 and 29?
29
What is the highest common factor of 33279 and 3?
3
Calculate the highest common divisor of 5924 and 8.
4
Calculate the greatest common factor of 296 and 5994.
74
Calculate the highest common divisor of 3920 and 45120.
80
Calculate the highest common divisor of 180570 and 65.
65
Calculate the highest common divisor of 986 and 1527314.
986
What is the greatest common factor of 81508 and 280?
28
What is the highest common divisor of 240752 and 2378?
82
Calculate the highest common factor of 18 and 415134.
18
What is the highest common divisor of 301640 and 200?
40
Calculate the highest common factor of 2826766 and 93.
31
What is the highest common factor of 264 and 188518?
22
What is the highest common factor of 410 and 10455?
205
Calculate the highest common factor of 1416 and 4286586.
354
Calculate the greatest common divisor of 28566 and 9369.
27
Calculate the highest common divisor of 18688 and 3184.
16
Calculate the greatest common divisor of 98 and 30842.
14
Calculate the highest common divisor of 159067 and 146.
73
What is the highest common divisor of 4448 and 47552?
32
Calculate the greatest common factor of 376 and 9353.
47
What is the highest common divisor of 275 and 2998475?
25
What is the highest common divisor of 140 and 5220?
20
What is the highest common factor of